18ab2?
18ac3
In base 2, what is 10101100 - 101011110?
-10110010
In base 11, what is -8a2 + -11?
-903
In base 2, what is -111001110111011100 + -101?
-111001110111100001
In base 2, what is -101 - -100010001011?
100010000110
In base 9, what is -6 - 2310?
-2316
In base 8, what is 34 - -2013?
2047
In base 12, what is 8 + 7092?
709a
In base 12, what is 31 + -60a?
-599
In base 5, what is 4 - -334413?
334422
In base 13, what is -4 - -19a628?
19a624
In base 4, what is 1312331 + 1?
1312332
In base 3, what is 100210 - 120?
100020
In base 15, what is 5 - 20a3c?
-20a37
In base 4, what is 111030023332 + 2?
111030030000
In base 9, what is 181511 - 26?
181474
In base 16, what is -3a - -c0?
86
In base 2, what is -10100011 + -1010011110?
-1101000001
In base 11, what is -15381 - -4?
-15378
In base 16, what is 2 - 12bf?
-12bd
In base 2, what is -11 - -1110010000000100?
1110010000000001
In base 12, what is 79ba22 + 3?
79ba25
In base 12, what is 5 - 5005?
-5000
In base 15, what is 38c - -76?
413
In base 9, what is -7555004 - -2?
-7555002
In base 14, what is 3a - -1848?
1884
In base 16, what is -4b59e7 + 4?
-4b59e3
In base 4, what is -1033121220 - -1?
-1033121213
In base 6, what is -452 - 45241?
-50133
In base 7, what is 6164 + 1236?
10433
In base 13, what is -3bc - 16a4?
-1a93
In base 8, what is -34 + -10762?
-11016
In base 9, what is 120 + -354?
-234
In base 9, what is 5 - 37375?
-37370
In base 13, what is b245 - 2?
b243
In base 13, what is -57 + -2102?
-2159
In base 15, what is -2a3bc9 - 2?
-2a3bcb
In base 7, what is -2 - 156656?
-156661
In base 7, what is 1003 - 604?
66
In base 8, what is -1 + -301300?
-301301
In base 9, what is -11438 + 156?
-11272
In base 15, what is -151 - 3ad7?
-3c38
In base 2, what is 10010001000 + -1100111?
10000100001
In base 4, what is -3 - 1311101?
-1311110
In base 6, what is -5 + -31103?
-31112
In base 6, what is 441 - -1?
442
In base 2, what is 1000110000110010110 + 1110?
1000110000110100100
In base 10, what is -1 - 28661?
-28662
In base 5, what is -203 + -1033021?
-1033224
In base 9, what is -85 - -1746?
1651
In base 6, what is 1240 + -1115?
121
In base 9, what is 4 + 76055?
76060
In base 13, what is 3 - 2442?
-243c
In base 2, what is -100001000001000000 - -1100?
-100001000000110100
In base 11, what is 2 - -4a62?
4a64
In base 3, what is 1222021121 - -21?
1222021212
In base 7, what is 14056 + 206?
14265
In base 11, what is 1241 - 390?
961
In base 16, what is -5 + -ca46?
-ca4b
In base 7, what is 102 - -1014?
1116
In base 15, what is 1ca - de5?
-c1a
In base 16, what is 2b1 + 2?
2b3
In base 12, what is b833b - -5?
b8344
In base 16, what is 11bd3 + 8?
11bdb
In base 16, what is -26 - -32a?
304
In base 16, what is 43 + -958?
-915
In base 7, what is -56054 - -342?
-55412
In base 2, what is -10000 + -100010110001011?
-100010110011011
In base 11, what is -148622 + -16?
-148638
In base 5, what is -422312 - 24?
-422341
In base 2, what is -10100101011101001 - -11?
-10100101011100110
In base 14, what is -30b6 - 3?
-30b9
In base 11, what is 0 - 2218?
-2218
In base 12, what is -10 - -934?
924
In base 2, what is -111001111 + -11010001?
-1010100000
In base 14, what is -1d73 - 4c?
-1dc1
In base 6, what is -24420423 - -2?
-24420421
In base 7, what is -6241 + 324?
-5614
In base 16, what is 0 + 4263c?
4263c
In base 4, what is 1110333 + 13122?
1130121
In base 7, what is 134054 + 2?
134056
In base 16, what is -1 - 124b3?
-124b4
In base 4, what is 3033212 + 0?
3033212
In base 5, what is 1421 + -30200?
-23224
In base 10, what is -779 - -48?
-731
In base 15, what is -e - -4c8b?
4c7c
In base 14, what is 14a - -5a?
1a6
In base 9, what is 20167 - 5?
20162
In base 10, what is 4 - -61579?
61583
In base 11, what is 137a6 + 4?
137aa
In base 2, what is -10100101010010 - -10011?
-10100100111111
In base 6, what is -25120440 + 0?
-25120440
In base 15, what is -103675 + -3?
-103678
In base 5, what is -2 + 3011044?
3011042
In base 13, what is 58 + 21493?
2151b
In base 13, what is 408 - -20?
428
In base 9, what is -5 - -15650?
15644
In base 2, what is -1110 + -1110101111?
-1110111101
In base 9, what is 13 - 4841?
-4827
In base 8, what is 622 - 315?
305
In base 13, what is -47a45 + 32?
-47a13
In base 3, what is 10 - -121002210?
121002220
In base 10, what is -55 - -902?
847
In base 13, what is 7 - -998a0?
998a7
In base 14, what is -2cb31a - 4?
-2cb320
In base 9, what is -245 + -141?
-386
In base 6, what is 21414411 - 2?
21414405
In base 14, what is 0 + 5483?
5483
In base 6, what is -1 + 11143443?
11143442
In base 6, what is -1455323 - -5?
-1455314
In base 15, what is -231 + -4?
-235
In base 5, what is 130204 + -32?
130122
In base 4, what is 302030233 + -100?
302030133
In base 8, what is -14247 + 310?
-13737
In base 14, what is -390d + 5?
-3908
In base 7, what is 3503333 - -3?
3503336
In base 8, what is 102110 - -6?
102116
In base 10, what is 3 - 231932?
-231929
In base 10, what is -5 + 72402?
72397
In base 3, what is 100210 - 1220?
21220
In base 7, what is -3 - -2364532?
2364526
In base 5, what is -322 - -234001?
233124
In base 7, what is -1 - -216556?
216555
In base 2, what is -1000101001111 - -100011001?
-1000000110110
In base 5, what is -1122402 + -122?
-1123024
In base 4, what is 110102000 - 10?
110101330
In base 5, what is 34 + 210224?
210313
In base 6, what is 5 + 3143?
3152
In base 10, what is -210809 + 2?
-210807
In base 5, what is 34 + 1000343?
1000432
In base 4, what is 112032022 + -1?
112032021
In base 3, what is 21111 - -1?
21112
In base 2, what is -100110110110011010 + -101?
-100110110110011111
In base 3, what is -1 - 10202112011?
-10202112012
In base 11, what is 3 - -41a57?
41a5a
In base 13, what is b7 + 86?
170
In base 11, what is 1 + -1483a?
-14839
In base 14, what is -10 - -64a0?
6490
In base 4, what is -12322 - -2000?
-10322
In base 5, what is -1233244 + -2?
-1233301
In base 6, what is 2300230 - 1?
2300225
In base 14, what is 2 + 1160?
1162
In base 3, what is -10102012 - -2012?
-10100000
In base 12, what is 155 - -792a?
7a83
In base 8, what is 0 + -2766311?
-2766311
In base 6, what is 204402 - -1?
204403
In base 4, what is -10323 - 121302?
-132231
In base 5, what is 3 + 234020?
234023
In base 2, what is 100001010110101 + 101?
100001010111010
In base 8, what is -35 + -1135?
-1172
In base 15, what is 3090 - 16?
3079
In base 5, what is 1232324140 - -3?
1232324143
In base 12, what is b - -1a4b7?
1a506
In base 2, what is -11011101 + 10101101?
-110000
In base 7, what is -13 + -5220?
-5233
In base 11, what is -43702 + 3?
-436aa
In base 11, what is -26 - 2109?
-2134
In base 14, what is -350 - 3a?
-38a
In base 13, what is 310194 - -4?
310198
In base 4, what is -10 - 230130?
-230200
In base 11, what is 1 - -3316?
3317
In base 4, what is -2 + -22022121?
-22022123
In base 2, what is -1010 - 1010111101010?
-1010111110100
In base 8, what is 2 - 53546?
-53544
In base 7, what is 104612 + -1?
104611
In base 14, what is -2 + -1d59?
-1d5b
In base 11, what is -6 + 209a37?
209a31
In base 9, what is -4201 + -560?
-4761
In base 2, what is 101111010010 - -1001010111?
111000101001
In base 10, what is -95 - -1778?
1683
In base 13, what is -67b + -815?
-1193
In base 10, what is 132 + 5429?
5561
In base 10, what is -1332 - 0?
-1332
In base 3, what is 1002001112 - 0?
1002001112
In base 2, what is -100110 - 1101011000?
-1101111110
In base 9, what is -15155 + 4?
-15151
In base 13, what is c + 4c?
5b
In base 11, what is -24 - -6298?
6274
In base 2, what is 11011001110 - 1?
11011001101
In base 12, what is 58b5 - 1a?
5897
In base 15, what is 5 + 5568?
556d
In base 11, what is -339 + -589?
-917
In base 10, what is -7 - -5375?
5368
In base 7, what is 100265 - 565?
66400
In base 16, what is -cf1f7 + 0?
-cf1f7
In base 2, what is 11001100100011001 + -101?
11001100100010100
In base 12, what is 162ab5 - 2?
162ab3
In base 12, what is -4 - 60738?
-60740
In base 9, what is -2848 + 430?
-2418
In base 16, what is -28553 + 5?
-2854e
In base 16, what is -5 - a165?
-a16a
In base 10, what is -70908 - 3?
-70911
In base 4, what is -1201010 - -23?
-1200321
In base 4, what is 2233 + -201131?
-132232
In base 16, what is -d95 - 1?
-d96
In base 12, what is -18 + 7815?
77b9
In base 8, what is -10412056 - 0?
-10412056
In base 14, what is -b + 15994?
15987
In base 14, what is 4a7 - 6?
4a1
In base 2, what is -101